4 - 459 = -5*i. Calculate the highest common divisor of i and d.
15
Suppose 5*n - 42 = 2*o, -4*n - 3*o = -0*o - 52. What is the highest common divisor of 160 and n?
10
Let k be (-11 - -12)*1*25. Let h = -16 + k. What is the highest common factor of h and 81?
9
Let r(c) = -7*c + 1. Let q(i) = 4*i. Let g(s) = -5*q(s) - 3*r(s). Let z be g(5). Suppose -n = -z*n + 13. What is the highest common factor of 13 and n?
13
Suppose -3*o = -11 - 1. Suppose -u - 3*v = 4*u - 200, -57 = -u - o*v. Calculate the highest common factor of u and 296.
37
Let l(d) = -14*d - 14. Let b be l(-10). Suppose -2*o = -12 - 12. Let g = 30 - o. Calculate the greatest common factor of g and b.
18
Suppose 3*i - 3432 = -5*i. Let p be -78*(6/4 - 2). Calculate the greatest common factor of p and i.
39
Let w be 4 + 7/(7/(-4)). Suppose 0*o - 279 = 5*n - o, 2*n + o + 113 = w. Let y be (-6)/(-2) - n/8. What is the highest common factor of y and 2?
2
Let h = 406 - 397. What is the greatest common factor of h and 900?
9
Suppose d = 3*a - 15, -5*d - 20 = -4*a - 0*d. Let t = -2580 + 2585. Calculate the highest common factor of a and t.
5
Let y be -1*(-14)/((-8)/(-4)). Let j be ((-84)/63)/((-4)/9). What is the highest common divisor of j and y?
1
Let n = -8 - -15. Let k = 57 - -6. Calculate the greatest common divisor of n and k.
7
Let h be 5*26 + (-2 - 0). Let q(i) = i**2 - i - 4. Let s(n) = 2*n + 12. Let c be s(-8). Let p be q(c). Calculate the highest common factor of h and p.
16
Let x be (15 + 3)*(13 + -8). Let p(f) = -2*f - 2. Let d be p(-6). Calculate the greatest common factor of x and d.
10
Let q(z) = -34*z - 251. Let b be q(-27). Calculate the highest common divisor of 29 and b.
29
Suppose 2*u + 87 = -3*u + 3*s, -4*u + s - 71 = 0. Let l = u + 40. Suppose -284*a = -283*a - 198. What is the greatest common factor of a and l?
22
Let n be 0/7 + 0 + -6. Let m = n + 24. Suppose -2*s + 164 = -124. What is the greatest common factor of m and s?
18
Suppose 0 = 5*i + 3*h - 4652, -2*h = -2*i + 903 + 945. What is the greatest common divisor of 58 and i?
58
Let i(z) be the third derivative of -z**4/4 - 8*z**3/3 + 19*z**2. Let s be i(-7). Calculate the highest common divisor of 65 and s.
13
Let i(y) = -2*y**3 - 11*y**2 + y - 14. Let h be i(-7). What is the highest common factor of h and 306?
18
Suppose -6*i = -4*i + 176. Let h = 119 + i. Calculate the greatest common factor of 403 and h.
31
Suppose a - 4*a + 111 = 0. Let h be -7*(-1 - 6 - -1). Let b = h - a. What is the highest common divisor of b and 5?
5
Let b = 69 + -37. Let a = b + -24. What is the greatest common divisor of 32 and a?
8
Let h(k) = k**2 + 2*k - 6. Let f be h(-4). Suppose -10*u + 264 = -f*u. Calculate the greatest common divisor of 11 and u.
11
Let o be ((-32)/24)/(24/(-324)). Let n = 0 - 0. Suppose -5*g + 3*j = -102, n = g - 0*g - 3*j - 30. What is the greatest common factor of g and o?
18
Let m be 65/(-10) + (-1)/2. Let w be (9/(-3) - m)/(-1). Let o = 11 + w. Calculate the greatest common factor of o and 1.
1
Let u = 6 - -18. Suppose -w + 72 = -2*y, 4*y = w + 3*w - 296. Let a = w - 40. What is the highest common factor of a and u?
12
Let s be (10/(-45))/((-2)/3)*30. Suppose -s*v + 782 - 142 = 0. What is the highest common divisor of 96 and v?
32
Suppose 3*z - 54 = 2*f, -z + f + 4 + 13 = 0. Suppose -15 = -11*j + 6*j. Suppose -j*t = -4*t + 50. What is the greatest common divisor of z and t?
10
Suppose -w + 22 = w. Let i be (2/5)/((-9)/(-90)). Suppose -2*p = 3*b - 122, -i*p - 3*b + 232 = -0*b. Calculate the greatest common divisor of w and p.
11
Let x be (10/8)/((-20)/(-80)). Suppose 2*q + 255 = x*c - 565, -187 = -c + 5*q. Calculate the greatest common divisor of c and 18.
18
Let x(c) = 6*c**2 - 8*c + 7. Let v be x(6). Let d(r) = 3*r**3 + 7*r**2 - 10*r + 3. Let n be d(2). Calculate the greatest common divisor of v and n.
35
Let w(g) = g**3 + 11*g**2 + 7*g + 2. Let y be w(-10). Suppose -3*j + y = -2*j + s, -5*s = j - 20. Calculate the greatest common divisor of j and 245.
35
Let k(c) = c**2 + c - 9. Let f be k(3). Suppose f*s = -2*n + 150, -2*n - 42 = -s - 0*n. What is the greatest common factor of 192 and s?
48
Let s be ((-10)/(-15))/((-2)/(-3)). Suppose 2*k - 8 - s = -t, 3*t = -5*k + 25. Let r be (13 - 9)*13*k. What is the highest common factor of r and 13?
13
Let l be (13/39)/((-2)/(-294)). Calculate the greatest common factor of l and 196.
49
Let u = 311 + 85. Calculate the greatest common divisor of u and 11.
11
Suppose -1 = -z + 9. Suppose -27 + 7 = -u. Suppose -4*q = -u - 20. What is the highest common divisor of q and z?
10
Let m(b) = -9*b + 10. Let i be m(-5). What is the highest common divisor of i and 385?
55
Let g = 638 - 564. Calculate the greatest common divisor of g and 666.
74
Let y be 3/(-10) - (-25271)/370. Calculate the greatest common factor of 306 and y.
34
Let j = 1 + -1. Suppose 2*g - 2*p = 12, j = -2*g - 5*p - 4 - 5. Suppose -8 = g*a - 98. Calculate the highest common divisor of a and 3.
3
Let t = 39 - 15. Suppose 25*p = 13*p + 144. Calculate the greatest common divisor of t and p.
12
Let c = -40 + 54. Let x = c + -6. What is the highest common factor of 56 and x?
8
Let d be 299 + -13 - (-2 - -2). What is the greatest common factor of d and 11?
11
Let x = 67 - 117. Let w = x - -93. Let n = w + -23. What is the highest common divisor of 30 and n?
10
Let m = -149 + 157. What is the highest common divisor of 248 and m?
8
Let h = 229 + -127. Let a = -3 + h. Calculate the greatest common factor of a and 9.
9
Let z(n) = n**2 - 12*n + 23. Let t be (-23)/(-2) - 24/(-16). Let l be z(t). Calculate the greatest common divisor of l and 24.
12
Let v = 165 + -54. Calculate the greatest common divisor of 37 and v.
37
Suppose 40*l + 85 = 45*l. Calculate the greatest common factor of l and 17.
17
Let d(w) = w**3 + 59*w**2 + 55*w - 119. Let j be d(-58). Let s be 2/8 + 19/4. Calculate the greatest common factor of s and j.
5
Suppose -6*r - 14*r + 4640 = 0. Calculate the greatest common divisor of r and 16.
8
Suppose -2*y - 4*p = 38, -p + 1 - 6 = 0. Let v be y/27 + 85/3. Let l be (-1)/((-2)/v) - -1. Calculate the highest common divisor of l and 120.
15
Let x(t) = 2*t - 6. Let a be x(5). Let z be (a/(-6))/(4/(-486)). Calculate the greatest common factor of 9 and z.
9
Let x = 49 + -71. Let o = 34 + x. Calculate the greatest common factor of o and 3.
3
Let s(h) = -h**2 + 20*h + 2. Let m be s(17). Let v = m + -41. What is the greatest common divisor of v and 60?
12
Suppose -7*m = -3*m - 160. Suppose -i + 5*i = -c + 4, -3*i = -c + 4. Suppose i = -6*n + 20 + 28. Calculate the highest common divisor of m and n.
8
Let g be (-5)/((-20)/24) - -166. Calculate the greatest common divisor of g and 430.
86
Let j(l) = 93*l - 170. Let a be j(2). Calculate the greatest common factor of 12 and a.
4
Suppose 0 = -y + 4*o - 5, -o = -4*y - 3*o + 52. Suppose 0 = -z + 4*z - 165. What is the greatest common factor of y and z?
11
Let n = -1346 + 1656. What is the greatest common divisor of n and 90?
10
Let i be (81/(-54))/((-4)/64). Calculate the highest common factor of 6 and i.
6
Let r(y) = 4*y**2 + 30*y + 8. Let u be r(-9). Calculate the greatest common divisor of 1085 and u.
31
Let z = -128 + 178. Calculate the highest common divisor of 90 and z.
10
Suppose -4 = -2*u + 4. Suppose 0*n - 5*n = u*d - 64, 28 = 3*n + 5*d. Calculate the greatest common factor of n and 12.
4
Suppose 0 = 7*a - 2*a - 325. Let j = 32 - a. Let w = j + 47. Calculate the greatest common divisor of 28 and w.
14
Let m = 154 - 29. What is the highest common divisor of m and 75?
25
Suppose -3*u + 5*u + 8 = 0. Let m(k) = -k**3 - 4*k**2 + 5. Let n be m(u). Suppose -5*z + 53 = -22. Calculate the highest common divisor of z and n.
5
Suppose 6 = -2*x, -z + x + 19 = 5*x. Let t be 2/1*79/2. Suppose 5*o - t = z. Calculate the greatest common divisor of 176 and o.
22
Suppose -2*z = g - 58, -825*z + 826*z = g + 20. Let u be 1636/7 - (-2)/7. What is the highest common factor of z and u?
26
Let b(m) = 3*m**2 - 49*m + 89. Let i(d) = -d**2 + 16*d - 30. Let p(y) = 4*b(y) + 11*i(y). Let s be p(22). Calculate the highest common factor of s and 14.
14
Let x be (-3724)/(-56)*(-4)/7*-5. What is the greatest common divisor of 133 and x?
19
Let v = -1 - -5. Suppose v*w - 3245 = -w. Suppose 7*t -